ctors of u?
2, 1307
Suppose 2*r - 5*r - 30 = 0. Let k = -23 - r. List the prime factors of (k + 83)*1/2.
5, 7
Suppose 2*t = 13130 - 5218. List the prime factors of t.
2, 23, 43
Let q = -660 + 884. Suppose 3*l - 5*p = 1006 + q, 1666 = 4*l + 2*p. What are the prime factors of l?
5, 83
Let q(b) = b**3 + 19*b**2 - 21*b + 29. Let p be q(-20). What are the prime factors of (-13560)/(-25) - (p/35 - 1)?
2, 271
Let o(t) = -t**3 - 34*t**2 + 3*t - 5. Let z be o(-36). Suppose 0 = -v - 3*v + 12, z = 5*b - 2*v. List the prime factors of b.
7, 71
Suppose -6*n - 35*n + 271215 = 0. What are the prime factors of n?
3, 5, 7
Suppose 8*z - 4*z = 4*s + 60, -3*s - 66 = 4*z. Let k be (s/(-84))/((-2)/(-7))*12. Suppose -639 = -k*n + 162. What are the prime factors of n?
89
Suppose -2*g + t + 9072 = 0, 154*g - 22677 = 149*g + 2*t. What are the prime factors of g?
3, 1511
Let d(g) = 10*g - 230. Let p be d(16). What are the prime factors of 20/p - 70950/(-42)?
3, 563
Let r be 51/(-12)*(-2 - (0 - -2)). Let n be (0 - 5)*(0 - r). Let m = n + -35. List the prime factors of m.
2, 5
What are the prime factors of (5 + -3 + 27)*2764/4?
29, 691
Suppose -t + 17647 - 5412 = -2*f, 0 = -2*t - 5*f + 24533. What are the prime factors of t?
3, 1361
Suppose -4*g = -2*l - g + 44, 0 = -l - 4*g. Suppose -l = -7*a - a. Suppose 0 = a*m - 10*m + 968. List the prime factors of m.
11
Let h(g) = 277*g**2 - 1 - 2 - 71*g**2 - 4*g. Let q be h(-1). Let u = 311 - q. What are the prime factors of u?
2, 13
Let g(p) = 6*p + 1. Let s be g(-5). Let o be (-439)/9 - (-52)/(-234). Let a = s - o. What are the prime factors of a?
2, 5
Suppose 0 = -5*t - 5*x - 3290 + 22970, 4*t + 5*x - 15745 = 0. List the prime factors of t.
5, 787
Let f(i) = -93*i - 4. Let m be f(-1). Let g = m + 45. Suppose -g = 2*k - 3*k - 5*x, -3*k = -4*x - 326. What are the prime factors of k?
2, 3, 19
Suppose -4 = -20*n + 19*n. Suppose 3*a + 1732 = 4*i - 0*a, 0 = a + n. What are the prime factors of i?
2, 5, 43
Suppose -9*k + 3*n + 219 = -11*k, -5*k - 564 = 2*n. Let v = k + 128. Let t = 232 + v. List the prime factors of t.
2, 3, 41
Suppose 62*o - 1223790 = -52*o. List the prime factors of o.
5, 19, 113
Let k be ((-18)/24)/((-2)/16). Suppose -d + k = -2. Suppose 0 = 12*q - d*q - 140. What are the prime factors of q?
5, 7
Let u be (0 + -15)*(-7 - (-1435)/(-21)). Suppose 4*b + 671 = 2*l - 53, 5*b = -3*l + u. List the prime factors of l.
2, 5, 37
Suppose -250 = 5*b + 4*d + d, 5*d = -4*b - 203. Suppose 0 = -3*c - 9, -4*k - 150 = -7*k - c. Let i = b + k. List the prime factors of i.
2
Let q = 22184 + -35240. What are the prime factors of (q/(-238))/((-1)/(-14))?
2, 3
Suppose 9*y = 12*y - 6. Let v(n) = 13*n**y - 675 + 3*n + 674 + 5*n. List the prime factors of v(2).
67
Suppose 5*z = 2*f + 3504 + 418, 5*z - f - 3921 = 0. List the prime factors of z.
2, 7
Suppose 21*o - 23*o + 55750 = 2*v, 0 = -2*o - v + 55749. List the prime factors of o.
2, 7, 11, 181
Let j(h) be the first derivative of 31 + 17*h - 17*h + 2*h**2 + 23*h. What are the prime factors of j(11)?
67
Let d be -4 + (4 - (-548)/(-4)) + 4. Let l = -129 - d. Suppose 100 + 164 = l*z. What are the prime factors of z?
2, 3, 11
List the prime factors of (132/220)/((-2)/(-5510)) + -9.
2, 3, 137
Let a(p) = 318*p + 3539. What are the prime factors of a(54)?
139, 149
Let z(t) = t**2 + t + 1. Let k(b) = -5*b**2 + 38*b. Let x(y) = -k(y) + 5*z(y). What are the prime factors of x(-5)?
2, 3, 5, 7
Suppose o + 2*q = 1901, -2*o - q + 2950 + 840 = 0. List the prime factors of o.
3, 631
Suppose -8541 = -9*h + 8262. Suppose -2*q = -5*k + 2*q + h, -k = -4*q - 383. List the prime factors of k.
7, 53
Let s(y) = 35*y - 23. Let g = 430 - 410. What are the prime factors of s(g)?
677
Suppose -72*v + 54*v - 6210 = 0. Suppose -4*g - 2*c - 796 = 0, -g = c + 17 + 184. Let t = g - v. What are the prime factors of t?
2, 37
Let k be (72/(-63) + 4)/(4/14). List the prime factors of (-2)/(12/48 + k/(-32)).
2
Suppose -50*r = -49*r - 3. Suppose r*m - 2*v - 399 = 0, -m - m + 266 = -5*v. What are the prime factors of m?
7, 19
What are the prime factors of (-6)/(-9)*(54539 - -37)?
2, 3, 379
Let w(c) = 3*c**2 + 0 + 3*c**3 + 2 - 1194*c + 1190*c. Let l be w(2). Suppose -5*i + l = -285. List the prime factors of i.
3, 7
Let q be -3 - (-7)/((-28)/40). Let k = -16 - q. List the prime factors of (-1096)/(-32) - k/4.
5, 7
Suppose -4*p + 925 = -4*v - 279, p - 5*v - 309 = 0. Let q = 66 + p. What are the prime factors of q?
5, 73
Let b(y) = 158*y**2 - 22*y + 68. List the prime factors of b(3).
2, 89
Let g be (-4)/(-17 - -5) - (-28)/6. Suppose -2*d + 13 = 4*x - 27, g*d = 3*x + 48. Suppose 0 = -d*t + 2283 + 57. List the prime factors of t.
3, 5, 13
Suppose -21*u + 161 = -22*u. Let j = 239 + u. Suppose -j = 3*z - 6*z. What are the prime factors of z?
2, 13
Suppose 4*h + 2185 = 2*k + 44125, 10495 = h + 2*k. List the prime factors of h.
10487
Let n(x) = x**3 + 4*x**2 - 12*x - 11. Let o(c) = -5*c + 7*c + c + 7 - 2. Let m be o(0). What are the prime factors of n(m)?
2, 7, 11
Let u(h) = -h**3 - 23*h**2 - 3*h - 69. Let y be u(-23). What are the prime factors of (-2 + 3)*197*(y - -3)?
3, 197
List the prime factors of (-6)/13 + 1635760/104.
2, 983
Let d be (-105)/280 - (-22723)/8. Suppose -d = -5*z + 2595. List the prime factors of z.
1087
Let u(v) = -9*v + 7. Let s be u(2). List the prime factors of 3*1 + (-5236)/s.
479
Let x = -226 - -228. What are the prime factors of x + 2 - (-139 - 8)?
151
Suppose -17*c - 23*c + 343040 = 0. What are the prime factors of c?
2, 67
Let x(f) = 641*f**2 + 401*f + 4. List the prime factors of x(5).
2, 71, 127
Suppose -25 = 5*b, 2*f - 52916 = 3161*b - 3157*b. What are the prime factors of f?
2, 3, 19, 29
Let o = 3328 - 32. Let s = -2068 + o. What are the prime factors of s?
2, 307
Let a(r) = 103*r**2 + 384. List the prime factors of a(13).
17791
Let d = 9425 - 4591. Suppose 5*b - d = 4*w, -w - 1911 = -2*b + 25. What are the prime factors of b?
2, 5, 97
Suppose 0*m = 5*m + 5*z - 50, -3*m + 2*z = -45. What are the prime factors of (-1)/m - (-111420)/130?
857
Suppose -4*w = -c - 8, 3*c - 3*w - 6 = -w. Suppose m = 5*d - 17, -2 = -3*m - 8. Suppose c*u - 196 = 4*n, -u = -d*u - 5*n + 84. List the prime factors of u.
47
Let z(t) = t - 11 + 8*t - t**2 - 5 - 7. Let o be z(-10). Let x = -30 - o. List the prime factors of x.
3, 61
Let o(v) = 3*v**2 + 90*v - 300. What are the prime factors of o(-74)?
2, 3, 263
Let p(w) = 20*w - 13. Suppose -3*u - 210 = 5*m, m + 201 = -3*u - m. Let j = u + 72. List the prime factors of p(j).
127
Suppose -2*o + 16 = -0*o. Let h(b) = 8*b**3 - 18*b**2 + b + 7 - 6*b**3 + o*b. What are the prime factors of h(9)?
2, 11
Let c = 16240 + -4042. List the prime factors of c.
2, 3, 19, 107
Let g(q) = 2*q + 2. Let l(m) = -29*m - 194. Let a(o) = 2*g(o) + l(o). What are the prime factors of a(-20)?
2, 5, 31
Suppose 15*l + 702295 = -79*l + 3507537. List the prime factors of l.
11, 2713
Suppose -3*q - 934 = -4*y, -707 = -10*y + 7*y - q. Let d = 732 - y. What are the prime factors of d?
7, 71
Let q(z) = 596*z - 164. Let d be q(11). Suppose -50*c + 33*c = -d. List the prime factors of c.
2, 47
Let n(z) = 7 + 5*z - 2*z + 3*z**3 - 6*z**2 - 12 - 9*z**2. What are the prime factors of n(6)?
11
Suppose -2*v = -161 - 119. Let d = -259 + v. Let k = -56 - d. What are the prime factors of k?
3, 7
Suppose 0 = r + 3*k - 9528, -5*r - k = 2838 - 50520. List the prime factors of r.
3, 11, 17
Let x = 30571 - 9837. What are the prime factors of x?
2, 7, 1481
What are the prime factors of (-1*1274)/(((-21)/(-154))/(120/(-220)))?
2, 7, 13
Let k(j) = j**3 + 6*j**2 - 7*j + 14. Let q be k(-7). Let w(n) = n**3 - 5*n**2 - 11*n + 5. Let d be w(q). List the prime factors of d/25 - (-4)/10.
5, 13
Suppose 3*q = -4*z + 11237, -z = q - 4*q + 11212. What are the prime factors of q?
3739
Let h be -3 + 14*4/8. Suppose 4*f = -g + 5*g - 168, 0 = h*g + 5*f - 123. List the prime factors of g.
37
Let i be 6/(-15)*-10 + 144. Let s = 287 + i. What are the prime factors of s?
3, 5, 29
Suppose -3*j - 152*b = -149*b - 22062, 3*j - 22063 = -2*b. List the prime factors of j.
5, 1471
Suppose 0 = 3*s - 2*a - 152, 2*a = -3*s + 7*s - 206. Suppose -g = s - 216. Suppose 3*q - u = 302, -g = -3*q - 4*u + 145. List the prime factors of q.
101
Suppose 209*m - 25795 = 2